{"id":30,"date":"2026-02-25T08:26:55","date_gmt":"2026-02-25T08:26:55","guid":{"rendered":"https:\/\/przedszkolekrainamontessori.pl\/index.php\/pulaskiego\/"},"modified":"2026-02-27T12:44:58","modified_gmt":"2026-02-27T12:44:58","slug":"pulaskiego","status":"publish","type":"page","link":"https:\/\/przedszkolekrainamontessori.pl\/index.php\/pulaskiego\/","title":{"rendered":"Przedszkole ul. Pu\u0142askiego 35 w Bia\u0142ymstoku"},"content":{"rendered":"\n<p>Co nas wyr\u00f3\u017cnia:<\/p>\n\n\n\n<p><br>Nasza plac\u00f3wka po\u0142o\u017cona jest w zacisznym miejscu, oddalonym od ulicznego gwaru, dzi\u0119ki czemu nasze dzieciaki mog\u0105 cieszy\u0107 si\u0119 spokojem i relaksem podczas pobytu na niewielkim, aczkolwiek dobrze zaopatrzonym placu zabaw. Otacza nas natura, urzekaj\u0105ca swym pi\u0119knem \u2013 drzewa, krzewy i kwiaty. Nie rzadko zagl\u0105da do nas przyjaci\u00f3\u0142eczka wiewi\u00f3reczka, kt\u00f3r\u0105 dzieci nazywaj\u0105 \u201eRudym Ogonkiem\u201d.<\/p>\n\n\n\n<p><br>Nasze przedszkole jest miejscem kameralnym, przeznaczonym dla niewielkiej liczby dzieci. Jest to niew\u0105tpliwy atut tego miejsca. Dzi\u0119ki ma\u0142ym grupom dzieci nie s\u0105 nadmiernie prze stymulowane, a nasi pracownicy maj\u0105 szans\u0119 na po\u015bwi\u0119cenie ka\u017cdemu z nich wystarczaj\u0105cej ilo\u015bci czasu. Nauczycieli w ka\u017cdej grupie wspomaga w ich codziennym trudzie pomoc nauczyciela. Jeste\u015bmy plac\u00f3wk\u0105 integracyjn\u0105. Realizujemy kszta\u0142cenie specjalne oraz wczesne wspomaganie rozwoju dziecka.<br><\/p>\n\n\n\n<p>Oferujemy szereg bezp\u0142atnych zaj\u0119\u0107 dodatkowych, kt\u00f3rymi obj\u0119te s\u0105 wszystkie dzieci<br>ucz\u0119szczaj\u0105ce do naszego przedszkola. S\u0105 to:<br>&#8211; Eksperymenty<br>&#8211; Ko\u0142o kulinarne<br>&#8211; \u201eKraina emocji\u201d \u2013 grupowe zaj\u0119cia z psychologiem<br>&#8211; J\u0119zyk angielski<br><\/p>\n\n\n\n<figure class=\"wp-block-image aligncenter size-full\"><img fetchpriority=\"high\" decoding=\"async\" width=\"511\" height=\"767\" src=\"https:\/\/przedszkolekrainamontessori.pl\/wp-content\/uploads\/2026\/02\/zdjecie-do-opisu.jpg\" alt=\"\" class=\"wp-image-104\" srcset=\"https:\/\/przedszkolekrainamontessori.pl\/wp-content\/uploads\/2026\/02\/zdjecie-do-opisu.jpg 511w, https:\/\/przedszkolekrainamontessori.pl\/wp-content\/uploads\/2026\/02\/zdjecie-do-opisu-200x300.jpg 200w\" sizes=\"(max-width: 511px) 100vw, 511px\" \/><\/figure>\n\n\n\n<p>Oferta zaj\u0119\u0107 dodatkowych jest aktualizowana\/modyfikowana z pocz\u0105tkiem ka\u017cdego roku szkolnego. Nasze dzieci, za niewielk\u0105 op\u0142at\u0105, ucz\u0119szczaj\u0105 r\u00f3wnie\u017c na zaj\u0119cia sportowe, prowadzone przez \u201ePana Kangurka\u201d, zaj\u0119cia umuzykalniaj\u0105ce metod\u0105 E. Gordona oraz zaj\u0119cia og\u00f3lnorozwojowe \u201eAkrobrzd\u0105ce\u201d .Co miesi\u0105c odwiedza nas grupa teatralna, kt\u00f3ra prezentuje za ka\u017cdym razem nowy, ciekawy repertuar.<\/p>\n\n\n\n<p><br>Zapraszamy do nas wszystkie dzieci w wieku od 2,5 roku do momentu realizacji obowi\u0105zkowego przygotowania przedszkolnego, poniewa\u017c w naszym przedszkolu mo\u017cna realizowa\u0107 r\u00f3wnie\u017c \u201ezer\u00f3wk\u0119\u201d.<\/p>\n\n\n\n<p><br><strong>Kontakt: 537469434, 530588130<\/strong><\/p>\n\n\n<p><iframe style=\"border: 0;\" src=\"https:\/\/www.google.com\/maps\/embed?pb=!1m18!1m12!1m3!1d9580.188880685335!2d23.12506667916371!3d53.10934452127276!2m3!1f0!2f0!3f0!3m2!1i1024!2i768!4f13.1!3m3!1m2!1s0x471ffb70f645c073%3A0x4a0be8a87ca83a11!2sKraina%20Montessori!5e0!3m2!1spl!2spl!4v1772014149812!5m2!1spl!2spl\" width=\"600\" height=\"450\" allowfullscreen=\"allowfullscreen\"><\/iframe><\/p>","protected":false},"excerpt":{"rendered":"<p>Co nas wyr\u00f3\u017cnia: Nasza plac\u00f3wka po\u0142o\u017cona jest w zacisznym miejscu, oddalonym od ulicznego gwaru, dzi\u0119ki czemu nasze dzieciaki mog\u0105 cieszy\u0107 si\u0119 spokojem i relaksem podczas pobytu na niewielkim, aczkolwiek dobrze zaopatrzonym placu zabaw. Otacza nas natura, urzekaj\u0105ca swym pi\u0119knem \u2013 drzewa, krzewy i kwiaty. Nie rzadko zagl\u0105da do nas przyjaci\u00f3\u0142eczka wiewi\u00f3reczka, kt\u00f3r\u0105 dzieci nazywaj\u0105 \u201eRudym&hellip;<\/p>\n","protected":false},"author":1,"featured_media":0,"parent":0,"menu_order":0,"comment_status":"closed","ping_status":"closed","template":"","meta":{"footnotes":""},"class_list":["post-30","page","type-page","status-publish","hentry"],"_links":{"self":[{"href":"https:\/\/przedszkolekrainamontessori.pl\/index.php\/wp-json\/wp\/v2\/pages\/30","targetHints":{"allow":["GET"]}}],"collection":[{"href":"https:\/\/przedszkolekrainamontessori.pl\/index.php\/wp-json\/wp\/v2\/pages"}],"about":[{"href":"https:\/\/przedszkolekrainamontessori.pl\/index.php\/wp-json\/wp\/v2\/types\/page"}],"author":[{"embeddable":true,"href":"https:\/\/przedszkolekrainamontessori.pl\/index.php\/wp-json\/wp\/v2\/users\/1"}],"replies":[{"embeddable":true,"href":"https:\/\/przedszkolekrainamontessori.pl\/index.php\/wp-json\/wp\/v2\/comments?post=30"}],"version-history":[{"count":9,"href":"https:\/\/przedszkolekrainamontessori.pl\/index.php\/wp-json\/wp\/v2\/pages\/30\/revisions"}],"predecessor-version":[{"id":106,"href":"https:\/\/przedszkolekrainamontessori.pl\/index.php\/wp-json\/wp\/v2\/pages\/30\/revisions\/106"}],"wp:attachment":[{"href":"https:\/\/przedszkolekrainamontessori.pl\/index.php\/wp-json\/wp\/v2\/media?parent=30"}],"curies":[{"name":"wp","href":"https:\/\/api.w.org\/{rel}","templated":true}]}}